{"id":2039,"date":"2020-02-08T10:08:32","date_gmt":"2020-02-08T09:08:32","guid":{"rendered":"https:\/\/szarlotta.pl\/?page_id=2039"},"modified":"2025-10-17T19:38:22","modified_gmt":"2025-10-17T17:38:22","slug":"imprezy","status":"publish","type":"page","link":"https:\/\/szarlotta.pl\/eng\/imprezy\/","title":{"rendered":"Catering &amp; events"},"content":{"rendered":"<div data-elementor-type=\"wp-page\" data-elementor-id=\"2039\" class=\"elementor elementor-2039\" data-elementor-post-type=\"page\">\n\t\t\t\t<div class=\"elementor-element elementor-element-2912407 e-flex e-con-boxed e-con e-parent\" data-id=\"2912407\" data-element_type=\"container\" data-e-type=\"container\">\n\t\t\t\t\t<div class=\"e-con-inner\">\n\t\t\t\t<div class=\"elementor-element elementor-element-2445463 elementor-widget__width-inherit elementor-widget elementor-widget-heading\" data-id=\"2445463\" data-element_type=\"widget\" data-e-type=\"widget\" data-widget_type=\"heading.default\">\n\t\t\t\t\t<span class=\"elementor-heading-title elementor-size-default\">Szarlotta to mn\u00f3stwo mo\u017cliwo\u015bci!<\/span>\t\t\t\t<\/div>\n\t\t\t\t<div class=\"elementor-element elementor-element-98f23bf elementor-widget__width-inherit elementor-widget elementor-widget-heading\" data-id=\"98f23bf\" data-element_type=\"widget\" data-e-type=\"widget\" data-widget_type=\"heading.default\">\n\t\t\t\t\t<span class=\"elementor-heading-title elementor-size-default\">Kilka sal o r\u00f3\u017cnych stylach i bogate zaplecze techniczne pozwalaj\u0105 na prze\u017cycie pi\u0119knych moment\u00f3w oraz przygotowanie wspania\u0142ych da\u0144 i przek\u0105sek.<\/span>\t\t\t\t<\/div>\n\t\t\t\t<div class=\"elementor-element elementor-element-8e923b6 elementor-widget__width-inherit elementor-widget elementor-widget-heading\" data-id=\"8e923b6\" data-element_type=\"widget\" data-e-type=\"widget\" data-widget_type=\"heading.default\">\n\t\t\t\t\t<h1 class=\"elementor-heading-title elementor-size-default\">Poznaj nasze imprezy i catering.<\/h1>\t\t\t\t<\/div>\n\t\t\t\t\t<\/div>\n\t\t\t\t<\/div>\n\t\t<div class=\"elementor-element elementor-element-5102abb e-flex e-con-boxed e-con e-parent\" data-id=\"5102abb\" data-element_type=\"container\" data-e-type=\"container\">\n\t\t\t\t\t<div class=\"e-con-inner\">\n\t\t<div class=\"elementor-element elementor-element-66b7523 e-con-full e-flex e-con e-child\" data-id=\"66b7523\" data-element_type=\"container\" data-e-type=\"container\" data-settings=\"{&quot;background_background&quot;:&quot;classic&quot;}\">\n\t\t\t\t<div class=\"elementor-element elementor-element-308c800 elementor-widget__width-inherit elementor-widget elementor-widget-heading\" data-id=\"308c800\" data-element_type=\"widget\" data-e-type=\"widget\" data-widget_type=\"heading.default\">\n\t\t\t\t\t<h2 class=\"elementor-heading-title elementor-size-default\">Every event is unique!<\/h2>\t\t\t\t<\/div>\n\t\t\t\t<div class=\"elementor-element elementor-element-2f4eb6a elementor-widget__width-initial elementor-widget-tablet__width-inherit elementor-widget elementor-widget-gallery\" data-id=\"2f4eb6a\" data-element_type=\"widget\" data-e-type=\"widget\" data-settings=\"{&quot;aspect_ratio&quot;:&quot;1:1&quot;,&quot;image_hover_animation&quot;:&quot;grow&quot;,&quot;columns&quot;:3,&quot;columns_mobile&quot;:3,&quot;columns_tablet&quot;:5,&quot;lazyload&quot;:&quot;yes&quot;,&quot;gallery_layout&quot;:&quot;grid&quot;,&quot;gap&quot;:{&quot;unit&quot;:&quot;px&quot;,&quot;size&quot;:10,&quot;sizes&quot;:[]},&quot;gap_tablet&quot;:{&quot;unit&quot;:&quot;px&quot;,&quot;size&quot;:10,&quot;sizes&quot;:[]},&quot;gap_mobile&quot;:{&quot;unit&quot;:&quot;px&quot;,&quot;size&quot;:10,&quot;sizes&quot;:[]},&quot;link_to&quot;:&quot;file&quot;,&quot;overlay_background&quot;:&quot;yes&quot;,&quot;content_hover_animation&quot;:&quot;fade-in&quot;}\" data-widget_type=\"gallery.default\">\n\t\t\t\t\t\t\t<div class=\"elementor-gallery__container\">\n\t\t\t\t\t\t\t<a class=\"e-gallery-item elementor-gallery-item elementor-animated-content\" href=\"https:\/\/szarlotta.pl\/wp-content\/uploads\/2020\/02\/IMG_1592.jpg\" data-elementor-open-lightbox=\"yes\" data-elementor-lightbox-slideshow=\"2f4eb6a\" data-e-action-hash=\"#elementor-action%3Aaction%3Dlightbox%26settings%3DeyJpZCI6MTgzNCwidXJsIjoiaHR0cHM6XC9cL3N6YXJsb3R0YS5wbFwvd3AtY29udGVudFwvdXBsb2Fkc1wvMjAyMFwvMDJcL0lNR18xNTkyLmpwZyIsInNsaWRlc2hvdyI6IjJmNGViNmEifQ%3D%3D\">\n\t\t\t\t\t<div class=\"e-gallery-image elementor-gallery-item__image\" data-thumbnail=\"https:\/\/szarlotta.pl\/wp-content\/uploads\/2020\/02\/IMG_1592-768x512.jpg\" data-width=\"768\" data-height=\"512\" aria-label=\"\" role=\"img\" ><\/div>\n\t\t\t\t\t\t\t\t\t\t\t<div class=\"elementor-gallery-item__overlay\"><\/div>\n\t\t\t\t\t\t\t\t\t\t\t\t\t\t<\/a>\n\t\t\t\t\t\t\t<a class=\"e-gallery-item elementor-gallery-item elementor-animated-content\" href=\"https:\/\/szarlotta.pl\/wp-content\/uploads\/2020\/02\/IMG_1863.jpg\" data-elementor-open-lightbox=\"yes\" data-elementor-lightbox-slideshow=\"2f4eb6a\" data-e-action-hash=\"#elementor-action%3Aaction%3Dlightbox%26settings%3DeyJpZCI6MjI0MiwidXJsIjoiaHR0cHM6XC9cL3N6YXJsb3R0YS5wbFwvd3AtY29udGVudFwvdXBsb2Fkc1wvMjAyMFwvMDJcL0lNR18xODYzLmpwZyIsInNsaWRlc2hvdyI6IjJmNGViNmEifQ%3D%3D\">\n\t\t\t\t\t<div class=\"e-gallery-image elementor-gallery-item__image\" data-thumbnail=\"https:\/\/szarlotta.pl\/wp-content\/uploads\/2020\/02\/IMG_1863-768x512.jpg\" data-width=\"768\" data-height=\"512\" aria-label=\"\" role=\"img\" ><\/div>\n\t\t\t\t\t\t\t\t\t\t\t<div class=\"elementor-gallery-item__overlay\"><\/div>\n\t\t\t\t\t\t\t\t\t\t\t\t\t\t<\/a>\n\t\t\t\t\t\t\t<a class=\"e-gallery-item elementor-gallery-item elementor-animated-content\" href=\"https:\/\/szarlotta.pl\/wp-content\/uploads\/2020\/02\/imprezy-z-dziecmi-poznan.jpg\" data-elementor-open-lightbox=\"yes\" data-elementor-lightbox-slideshow=\"2f4eb6a\" data-e-action-hash=\"#elementor-action%3Aaction%3Dlightbox%26settings%3DeyJpZCI6MjI0MywidXJsIjoiaHR0cHM6XC9cL3N6YXJsb3R0YS5wbFwvd3AtY29udGVudFwvdXBsb2Fkc1wvMjAyMFwvMDJcL2ltcHJlenktei1kemllY21pLXBvem5hbi5qcGciLCJzbGlkZXNob3ciOiIyZjRlYjZhIn0%3D\">\n\t\t\t\t\t<div class=\"e-gallery-image elementor-gallery-item__image\" data-thumbnail=\"https:\/\/szarlotta.pl\/wp-content\/uploads\/2020\/02\/imprezy-z-dziecmi-poznan-768x512.jpg\" data-width=\"768\" data-height=\"512\" aria-label=\"\" role=\"img\" ><\/div>\n\t\t\t\t\t\t\t\t\t\t\t<div class=\"elementor-gallery-item__overlay\"><\/div>\n\t\t\t\t\t\t\t\t\t\t\t\t\t\t<\/a>\n\t\t\t\t\t\t\t<a class=\"e-gallery-item elementor-gallery-item elementor-animated-content\" href=\"https:\/\/szarlotta.pl\/wp-content\/uploads\/2020\/02\/restauracja-z-dzieckiem.jpg\" data-elementor-open-lightbox=\"yes\" data-elementor-lightbox-slideshow=\"2f4eb6a\" data-e-action-hash=\"#elementor-action%3Aaction%3Dlightbox%26settings%3DeyJpZCI6MjI0NCwidXJsIjoiaHR0cHM6XC9cL3N6YXJsb3R0YS5wbFwvd3AtY29udGVudFwvdXBsb2Fkc1wvMjAyMFwvMDJcL3Jlc3RhdXJhY2phLXotZHppZWNraWVtLmpwZyIsInNsaWRlc2hvdyI6IjJmNGViNmEifQ%3D%3D\">\n\t\t\t\t\t<div class=\"e-gallery-image elementor-gallery-item__image\" data-thumbnail=\"https:\/\/szarlotta.pl\/wp-content\/uploads\/2020\/02\/restauracja-z-dzieckiem-768x512.jpg\" data-width=\"768\" data-height=\"512\" aria-label=\"\" role=\"img\" ><\/div>\n\t\t\t\t\t\t\t\t\t\t\t<div class=\"elementor-gallery-item__overlay\"><\/div>\n\t\t\t\t\t\t\t\t\t\t\t\t\t\t<\/a>\n\t\t\t\t\t\t\t<a class=\"e-gallery-item elementor-gallery-item elementor-animated-content\" href=\"https:\/\/szarlotta.pl\/wp-content\/uploads\/2020\/02\/Bistro-szarlotta-w-Poznaniu.jpg\" data-elementor-open-lightbox=\"yes\" data-elementor-lightbox-slideshow=\"2f4eb6a\" data-e-action-hash=\"#elementor-action%3Aaction%3Dlightbox%26settings%3DeyJpZCI6MTkwNywidXJsIjoiaHR0cHM6XC9cL3N6YXJsb3R0YS5wbFwvd3AtY29udGVudFwvdXBsb2Fkc1wvMjAyMFwvMDJcL0Jpc3Ryby1zemFybG90dGEtdy1Qb3puYW5pdS5qcGciLCJzbGlkZXNob3ciOiIyZjRlYjZhIn0%3D\">\n\t\t\t\t\t<div class=\"e-gallery-image elementor-gallery-item__image\" data-thumbnail=\"https:\/\/szarlotta.pl\/wp-content\/uploads\/2020\/02\/Bistro-szarlotta-w-Poznaniu-768x512.jpg\" data-width=\"768\" data-height=\"512\" aria-label=\"\" role=\"img\" ><\/div>\n\t\t\t\t\t\t\t\t\t\t\t<div class=\"elementor-gallery-item__overlay\"><\/div>\n\t\t\t\t\t\t\t\t\t\t\t\t\t\t<\/a>\n\t\t\t\t\t\t\t<a class=\"e-gallery-item elementor-gallery-item elementor-animated-content\" href=\"https:\/\/szarlotta.pl\/wp-content\/uploads\/2020\/02\/IMG_1614.jpg\" data-elementor-open-lightbox=\"yes\" data-elementor-lightbox-slideshow=\"2f4eb6a\" data-e-action-hash=\"#elementor-action%3Aaction%3Dlightbox%26settings%3DeyJpZCI6MTgzNiwidXJsIjoiaHR0cHM6XC9cL3N6YXJsb3R0YS5wbFwvd3AtY29udGVudFwvdXBsb2Fkc1wvMjAyMFwvMDJcL0lNR18xNjE0LmpwZyIsInNsaWRlc2hvdyI6IjJmNGViNmEifQ%3D%3D\">\n\t\t\t\t\t<div class=\"e-gallery-image elementor-gallery-item__image\" data-thumbnail=\"https:\/\/szarlotta.pl\/wp-content\/uploads\/2020\/02\/IMG_1614-768x512.jpg\" data-width=\"768\" data-height=\"512\" aria-label=\"\" role=\"img\" ><\/div>\n\t\t\t\t\t\t\t\t\t\t\t<div class=\"elementor-gallery-item__overlay\"><\/div>\n\t\t\t\t\t\t\t\t\t\t\t\t\t\t<\/a>\n\t\t\t\t\t\t\t<a class=\"e-gallery-item elementor-gallery-item elementor-animated-content\" href=\"https:\/\/szarlotta.pl\/wp-content\/uploads\/2020\/02\/IMG_1599.jpg\" data-elementor-open-lightbox=\"yes\" data-elementor-lightbox-slideshow=\"2f4eb6a\" data-e-action-hash=\"#elementor-action%3Aaction%3Dlightbox%26settings%3DeyJpZCI6MTgzNSwidXJsIjoiaHR0cHM6XC9cL3N6YXJsb3R0YS5wbFwvd3AtY29udGVudFwvdXBsb2Fkc1wvMjAyMFwvMDJcL0lNR18xNTk5LmpwZyIsInNsaWRlc2hvdyI6IjJmNGViNmEifQ%3D%3D\">\n\t\t\t\t\t<div class=\"e-gallery-image elementor-gallery-item__image\" data-thumbnail=\"https:\/\/szarlotta.pl\/wp-content\/uploads\/2020\/02\/IMG_1599-768x512.jpg\" data-width=\"768\" data-height=\"512\" aria-label=\"\" role=\"img\" ><\/div>\n\t\t\t\t\t\t\t\t\t\t\t<div class=\"elementor-gallery-item__overlay\"><\/div>\n\t\t\t\t\t\t\t\t\t\t\t\t\t\t<\/a>\n\t\t\t\t\t\t\t<a class=\"e-gallery-item elementor-gallery-item elementor-animated-content\" href=\"https:\/\/szarlotta.pl\/wp-content\/uploads\/2020\/02\/IMG_1630.jpg\" data-elementor-open-lightbox=\"yes\" data-elementor-lightbox-slideshow=\"2f4eb6a\" data-e-action-hash=\"#elementor-action%3Aaction%3Dlightbox%26settings%3DeyJpZCI6MTgzNywidXJsIjoiaHR0cHM6XC9cL3N6YXJsb3R0YS5wbFwvd3AtY29udGVudFwvdXBsb2Fkc1wvMjAyMFwvMDJcL0lNR18xNjMwLmpwZyIsInNsaWRlc2hvdyI6IjJmNGViNmEifQ%3D%3D\">\n\t\t\t\t\t<div class=\"e-gallery-image elementor-gallery-item__image\" data-thumbnail=\"https:\/\/szarlotta.pl\/wp-content\/uploads\/2020\/02\/IMG_1630-768x512.jpg\" data-width=\"768\" data-height=\"512\" aria-label=\"\" role=\"img\" ><\/div>\n\t\t\t\t\t\t\t\t\t\t\t<div class=\"elementor-gallery-item__overlay\"><\/div>\n\t\t\t\t\t\t\t\t\t\t\t\t\t\t<\/a>\n\t\t\t\t\t\t\t<a class=\"e-gallery-item elementor-gallery-item elementor-animated-content\" href=\"https:\/\/szarlotta.pl\/wp-content\/uploads\/2020\/02\/imprezy-stary-rynek.png\" data-elementor-open-lightbox=\"yes\" data-elementor-lightbox-slideshow=\"2f4eb6a\" data-e-action-hash=\"#elementor-action%3Aaction%3Dlightbox%26settings%3DeyJpZCI6MTk0NiwidXJsIjoiaHR0cHM6XC9cL3N6YXJsb3R0YS5wbFwvd3AtY29udGVudFwvdXBsb2Fkc1wvMjAyMFwvMDJcL2ltcHJlenktc3RhcnktcnluZWsucG5nIiwic2xpZGVzaG93IjoiMmY0ZWI2YSJ9\">\n\t\t\t\t\t<div class=\"e-gallery-image elementor-gallery-item__image\" data-thumbnail=\"https:\/\/szarlotta.pl\/wp-content\/uploads\/2020\/02\/imprezy-stary-rynek-768x512.png\" data-width=\"768\" data-height=\"512\" aria-label=\"\" role=\"img\" ><\/div>\n\t\t\t\t\t\t\t\t\t\t\t<div class=\"elementor-gallery-item__overlay\"><\/div>\n\t\t\t\t\t\t\t\t\t\t\t\t\t\t<\/a>\n\t\t\t\t\t<\/div>\n\t\t\t\t\t<\/div>\n\t\t<div class=\"elementor-element elementor-element-e330f7f e-con-full e-flex e-con e-child\" data-id=\"e330f7f\" data-element_type=\"container\" data-e-type=\"container\">\n\t\t\t\t<div class=\"elementor-element elementor-element-49923f6 elementor-widget elementor-widget-text-editor\" data-id=\"49923f6\" data-element_type=\"widget\" data-e-type=\"widget\" data-widget_type=\"text-editor.default\">\n\t\t\t\t\t\t\t\t\t<p>Je\u015bli planujesz organizacj\u0119 imprezy okoliczno\u015bciowej w Poznaniu masz wiele mo\u017cliwo\u015bci, jednak najwa\u017cniejszy element stanowi wyb\u00f3r miejsca, kt\u00f3re b\u0119dzie idealn\u0105 opraw\u0105 Twojej uroczysto\u015bci.<\/p><p>Dbamy o ka\u017cdy detal, przygotowujemy menu dopasowane do zr\u00f3\u017cnicowanych potrzeb. Posiadamy pi\u0119kn\u0105 piwnic\u0119, kt\u00f3ra umo\u017cliwia indywidualny uk\u0142ad sto\u0142\u00f3w oraz zapewnia kameralno\u015b\u0107 oraz prywatno\u015b\u0107 podczas wydarzenia. Mamy dla Was r\u00f3wnie\u017c dodatkow\u0105 sal\u0119 &#8222;kominkow\u0105&#8221;, miejsce do ta\u0144ca oraz osobny pokoik zabaw dla dzieci.<\/p><p>Wsp\u00f3lnie z Tob\u0105 zorganizujemy imprez\u0119, kt\u00f3ra na d\u0142ugo zapadnie Wam w pami\u0119\u0107 Twoim go\u015bciom. Jeste\u015bmy gotowi na ka\u017cde okoliczno\u015bciowe przyj\u0119cie do 60 os\u00f3b:<\/p>\t\t\t\t\t\t\t\t<\/div>\n\t\t\t\t<div class=\"elementor-element elementor-element-e3b2afc elementor-align-center elementor-widget__width-inherit elementor-icon-list--layout-inline elementor-mobile-align-start elementor-list-item-link-full_width elementor-widget elementor-widget-icon-list\" data-id=\"e3b2afc\" data-element_type=\"widget\" data-e-type=\"widget\" data-widget_type=\"icon-list.default\">\n\t\t\t\t\t<style>.elementor-element-e3b2afc{display:none !important}<\/style>\t\t\t\t<\/div>\n\t\t\t\t<div class=\"elementor-element elementor-element-0d6c8ad elementor-align-right elementor-widget__width-inherit elementor-mobile-align-justify elementor-widget elementor-widget-button\" data-id=\"0d6c8ad\" data-element_type=\"widget\" data-e-type=\"widget\" data-widget_type=\"button.default\">\n\t\t\t\t\t\t\t\t\t\t<a class=\"elementor-button elementor-button-link elementor-size-sm\" href=\"https:\/\/szarlotta.pl\/eng\/kontakt\/\">\n\t\t\t\t\t\t<span class=\"elementor-button-content-wrapper\">\n\t\t\t\t\t\t\t\t\t<span class=\"elementor-button-text\">Zapytaj o imprez\u0119<\/span>\n\t\t\t\t\t<\/span>\n\t\t\t\t\t<\/a>\n\t\t\t\t\t\t\t\t<\/div>\n\t\t\t\t<\/div>\n\t\t\t\t<\/div>\n\t\t<div class=\"elementor-element elementor-element-0690cc0 e-con-full e-flex e-con e-child\" data-id=\"0690cc0\" data-element_type=\"container\" data-e-type=\"container\" data-settings=\"{&quot;background_background&quot;:&quot;classic&quot;}\">\n\t\t\t\t<div class=\"elementor-element elementor-element-d0c0a2d elementor-widget__width-inherit elementor-widget elementor-widget-heading\" data-id=\"d0c0a2d\" data-element_type=\"widget\" data-e-type=\"widget\" data-widget_type=\"heading.default\">\n\t\t\t\t\t<h2 class=\"elementor-heading-title elementor-size-default\">Kreatywna kuchnia na Twoim gruncie.<\/h2>\t\t\t\t<\/div>\n\t\t\t\t<div class=\"elementor-element elementor-element-f8959fa elementor-widget__width-initial elementor-widget elementor-widget-text-editor\" data-id=\"f8959fa\" data-element_type=\"widget\" data-e-type=\"widget\" data-widget_type=\"text-editor.default\">\n\t\t\t\t\t\t\t\t\t<p>Du\u017ce zaplecze kuchenne i sprawny personel to gwarancja udanego cateringu.\u00a0<\/p><p>Jeste\u015bmy w ci\u0105g\u0142ej gotowo\u015bci, aby dba\u0107 o Wasze podniebienia, a szefowie kuchni regularnie zasilaj\u0105 ofert\u0119 cateringow\u0105 Szarlotty o nowe pozycje.\u00a0<\/p>\t\t\t\t\t\t\t\t<\/div>\n\t\t\t\t<div class=\"elementor-element elementor-element-94f3f6e elementor-align-right elementor-widget__width-initial elementor-mobile-align-justify elementor-widget elementor-widget-button\" data-id=\"94f3f6e\" data-element_type=\"widget\" data-e-type=\"widget\" data-widget_type=\"button.default\">\n\t\t\t\t\t\t\t\t\t\t<a class=\"elementor-button elementor-button-link elementor-size-sm\" href=\"https:\/\/szarlotta.pl\/eng\/kontakt\/\">\n\t\t\t\t\t\t<span class=\"elementor-button-content-wrapper\">\n\t\t\t\t\t\t\t\t\t<span class=\"elementor-button-text\">Zapytaj o catering<\/span>\n\t\t\t\t\t<\/span>\n\t\t\t\t\t<\/a>\n\t\t\t\t\t\t\t\t<\/div>\n\t\t\t\t<\/div>\n\t\t\t\t<div class=\"elementor-element elementor-element-9d69ad6 elementor-widget__width-initial elementor-widget-tablet__width-inherit elementor-position-top elementor-widget elementor-widget-image-box\" data-id=\"9d69ad6\" data-element_type=\"widget\" data-e-type=\"widget\" data-widget_type=\"image-box.default\">\n\t\t\t\t\t<div class=\"elementor-image-box-wrapper\"><figure class=\"elementor-image-box-img\"><img fetchpriority=\"high\" decoding=\"async\" width=\"1200\" height=\"800\" src=\"https:\/\/szarlotta.pl\/wp-content\/uploads\/2025\/05\/konferencje_i_szkolenia_1x.webp\" class=\"attachment-full size-full wp-image-4038\" alt=\"\" srcset=\"https:\/\/szarlotta.pl\/wp-content\/uploads\/2025\/05\/konferencje_i_szkolenia_1x.webp 1200w, https:\/\/szarlotta.pl\/wp-content\/uploads\/2025\/05\/konferencje_i_szkolenia_1x-300x200.webp 300w, https:\/\/szarlotta.pl\/wp-content\/uploads\/2025\/05\/konferencje_i_szkolenia_1x-1024x683.webp 1024w, https:\/\/szarlotta.pl\/wp-content\/uploads\/2025\/05\/konferencje_i_szkolenia_1x-768x512.webp 768w, https:\/\/szarlotta.pl\/wp-content\/uploads\/2025\/05\/konferencje_i_szkolenia_1x-600x400.webp 600w\" sizes=\"(max-width: 1200px) 100vw, 1200px\" \/><\/figure><div class=\"elementor-image-box-content\"><h3 class=\"elementor-image-box-title\">Konferencje i szkolenia <\/h3><\/div><\/div>\t\t\t\t<\/div>\n\t\t\t\t<div class=\"elementor-element elementor-element-c0135b0 elementor-widget__width-initial elementor-widget-tablet__width-inherit elementor-position-top elementor-widget elementor-widget-image-box\" data-id=\"c0135b0\" data-element_type=\"widget\" data-e-type=\"widget\" data-widget_type=\"image-box.default\">\n\t\t\t\t\t<div class=\"elementor-image-box-wrapper\"><figure class=\"elementor-image-box-img\"><img decoding=\"async\" width=\"1200\" height=\"800\" src=\"https:\/\/szarlotta.pl\/wp-content\/uploads\/2025\/05\/plener_1x.webp\" class=\"attachment-full size-full wp-image-4041\" alt=\"\" srcset=\"https:\/\/szarlotta.pl\/wp-content\/uploads\/2025\/05\/plener_1x.webp 1200w, https:\/\/szarlotta.pl\/wp-content\/uploads\/2025\/05\/plener_1x-300x200.webp 300w, https:\/\/szarlotta.pl\/wp-content\/uploads\/2025\/05\/plener_1x-1024x683.webp 1024w, https:\/\/szarlotta.pl\/wp-content\/uploads\/2025\/05\/plener_1x-768x512.webp 768w, https:\/\/szarlotta.pl\/wp-content\/uploads\/2025\/05\/plener_1x-600x400.webp 600w\" sizes=\"(max-width: 1200px) 100vw, 1200px\" \/><\/figure><div class=\"elementor-image-box-content\"><span class=\"elementor-image-box-title\">Outdoor events<\/span><\/div><\/div>\t\t\t\t<\/div>\n\t\t\t\t<div class=\"elementor-element elementor-element-81b00db elementor-widget__width-initial elementor-widget-tablet__width-inherit elementor-position-top elementor-widget elementor-widget-image-box\" data-id=\"81b00db\" data-element_type=\"widget\" data-e-type=\"widget\" data-widget_type=\"image-box.default\">\n\t\t\t\t\t<div class=\"elementor-image-box-wrapper\"><figure class=\"elementor-image-box-img\"><a href=\"#\" tabindex=\"-1\"><img decoding=\"async\" width=\"1200\" height=\"800\" src=\"https:\/\/szarlotta.pl\/wp-content\/uploads\/2025\/05\/bankiety_1x.webp\" class=\"attachment-full size-full wp-image-4039\" alt=\"\" srcset=\"https:\/\/szarlotta.pl\/wp-content\/uploads\/2025\/05\/bankiety_1x.webp 1200w, https:\/\/szarlotta.pl\/wp-content\/uploads\/2025\/05\/bankiety_1x-300x200.webp 300w, https:\/\/szarlotta.pl\/wp-content\/uploads\/2025\/05\/bankiety_1x-1024x683.webp 1024w, https:\/\/szarlotta.pl\/wp-content\/uploads\/2025\/05\/bankiety_1x-768x512.webp 768w, https:\/\/szarlotta.pl\/wp-content\/uploads\/2025\/05\/bankiety_1x-600x400.webp 600w\" sizes=\"(max-width: 1200px) 100vw, 1200px\" \/><\/a><\/figure><div class=\"elementor-image-box-content\"><span class=\"elementor-image-box-title\"><a href=\"#\">Banquets &amp; galas<\/a><\/span><\/div><\/div>\t\t\t\t<\/div>\n\t\t\t\t<div class=\"elementor-element elementor-element-ee8ab55 elementor-widget__width-initial elementor-widget-tablet__width-inherit elementor-position-top elementor-widget elementor-widget-image-box\" data-id=\"ee8ab55\" data-element_type=\"widget\" data-e-type=\"widget\" data-widget_type=\"image-box.default\">\n\t\t\t\t\t<div class=\"elementor-image-box-wrapper\"><figure class=\"elementor-image-box-img\"><img loading=\"lazy\" decoding=\"async\" width=\"1200\" height=\"800\" src=\"https:\/\/szarlotta.pl\/wp-content\/uploads\/2025\/05\/sniadanie_i_lunch_w_firmie_1x.webp\" class=\"attachment-full size-full wp-image-4042\" alt=\"\" srcset=\"https:\/\/szarlotta.pl\/wp-content\/uploads\/2025\/05\/sniadanie_i_lunch_w_firmie_1x.webp 1200w, https:\/\/szarlotta.pl\/wp-content\/uploads\/2025\/05\/sniadanie_i_lunch_w_firmie_1x-300x200.webp 300w, https:\/\/szarlotta.pl\/wp-content\/uploads\/2025\/05\/sniadanie_i_lunch_w_firmie_1x-1024x683.webp 1024w, https:\/\/szarlotta.pl\/wp-content\/uploads\/2025\/05\/sniadanie_i_lunch_w_firmie_1x-768x512.webp 768w, https:\/\/szarlotta.pl\/wp-content\/uploads\/2025\/05\/sniadanie_i_lunch_w_firmie_1x-600x400.webp 600w\" sizes=\"(max-width: 1200px) 100vw, 1200px\" \/><\/figure><div class=\"elementor-image-box-content\"><span class=\"elementor-image-box-title\">Lunch w firmie<\/span><\/div><\/div>\t\t\t\t<\/div>\n\t\t\t\t<div class=\"elementor-element elementor-element-9d7f5fe elementor-widget__width-initial elementor-widget-tablet__width-inherit elementor-position-top elementor-widget elementor-widget-image-box\" data-id=\"9d7f5fe\" data-element_type=\"widget\" data-e-type=\"widget\" data-widget_type=\"image-box.default\">\n\t\t\t\t\t<div class=\"elementor-image-box-wrapper\"><figure class=\"elementor-image-box-img\"><img loading=\"lazy\" decoding=\"async\" width=\"1200\" height=\"800\" src=\"https:\/\/szarlotta.pl\/wp-content\/uploads\/2025\/05\/swiateczne_1x.webp\" class=\"attachment-full size-full wp-image-4040\" alt=\"\" srcset=\"https:\/\/szarlotta.pl\/wp-content\/uploads\/2025\/05\/swiateczne_1x.webp 1200w, https:\/\/szarlotta.pl\/wp-content\/uploads\/2025\/05\/swiateczne_1x-300x200.webp 300w, https:\/\/szarlotta.pl\/wp-content\/uploads\/2025\/05\/swiateczne_1x-1024x683.webp 1024w, https:\/\/szarlotta.pl\/wp-content\/uploads\/2025\/05\/swiateczne_1x-768x512.webp 768w, https:\/\/szarlotta.pl\/wp-content\/uploads\/2025\/05\/swiateczne_1x-600x400.webp 600w\" sizes=\"(max-width: 1200px) 100vw, 1200px\" \/><\/figure><div class=\"elementor-image-box-content\"><span class=\"elementor-image-box-title\">Christmas catering<\/span><\/div><\/div>\t\t\t\t<\/div>\n\t\t\t\t<div class=\"elementor-element elementor-element-0a3c72f elementor-widget__width-initial elementor-widget-tablet__width-inherit elementor-position-top elementor-widget elementor-widget-image-box\" data-id=\"0a3c72f\" data-element_type=\"widget\" data-e-type=\"widget\" data-widget_type=\"image-box.default\">\n\t\t\t\t\t<div class=\"elementor-image-box-wrapper\"><figure class=\"elementor-image-box-img\"><img loading=\"lazy\" decoding=\"async\" width=\"1200\" height=\"800\" src=\"https:\/\/szarlotta.pl\/wp-content\/uploads\/2025\/05\/sylwestrowe_1x.webp\" class=\"attachment-full size-full wp-image-4037\" alt=\"\" srcset=\"https:\/\/szarlotta.pl\/wp-content\/uploads\/2025\/05\/sylwestrowe_1x.webp 1200w, https:\/\/szarlotta.pl\/wp-content\/uploads\/2025\/05\/sylwestrowe_1x-300x200.webp 300w, https:\/\/szarlotta.pl\/wp-content\/uploads\/2025\/05\/sylwestrowe_1x-1024x683.webp 1024w, https:\/\/szarlotta.pl\/wp-content\/uploads\/2025\/05\/sylwestrowe_1x-768x512.webp 768w, https:\/\/szarlotta.pl\/wp-content\/uploads\/2025\/05\/sylwestrowe_1x-600x400.webp 600w\" sizes=\"(max-width: 1200px) 100vw, 1200px\" \/><\/figure><div class=\"elementor-image-box-content\"><span class=\"elementor-image-box-title\">New Year\u2019s Eve catering<\/span><\/div><\/div>\t\t\t\t<\/div>\n\t\t\t\t\t<\/div>\n\t\t\t\t<\/div>\n\t\t\t\t<\/div>","protected":false},"excerpt":{"rendered":"<p>Szarlotta to mn\u00f3stwo mo\u017cliwo\u015bci! Kilka sal o r\u00f3\u017cnych stylach i bogate zaplecze techniczne pozwalaj\u0105 na prze\u017cycie pi\u0119knych moment\u00f3w oraz przygotowanie wspania\u0142ych da\u0144 i przek\u0105sek. Poznaj nasze imprezy i catering. Ka\u017cde wydarzenie jest wyj\u0105tkowe! Je\u015bli planujesz organizacj\u0119 imprezy okoliczno\u015bciowej w Poznaniu masz wiele mo\u017cliwo\u015bci, jednak najwa\u017cniejszy element stanowi wyb\u00f3r miejsca, kt\u00f3re b\u0119dzie idealn\u0105 opraw\u0105 Twojej uroczysto\u015bci. [&hellip;]<\/p>\n","protected":false},"author":1,"featured_media":0,"parent":0,"menu_order":0,"comment_status":"closed","ping_status":"closed","template":"elementor_header_footer","meta":{"footnotes":""},"class_list":["post-2039","page","type-page","status-publish","hentry"],"_links":{"self":[{"href":"https:\/\/szarlotta.pl\/eng\/wp-json\/wp\/v2\/pages\/2039","targetHints":{"allow":["GET"]}}],"collection":[{"href":"https:\/\/szarlotta.pl\/eng\/wp-json\/wp\/v2\/pages"}],"about":[{"href":"https:\/\/szarlotta.pl\/eng\/wp-json\/wp\/v2\/types\/page"}],"author":[{"embeddable":true,"href":"https:\/\/szarlotta.pl\/eng\/wp-json\/wp\/v2\/users\/1"}],"replies":[{"embeddable":true,"href":"https:\/\/szarlotta.pl\/eng\/wp-json\/wp\/v2\/comments?post=2039"}],"version-history":[{"count":0,"href":"https:\/\/szarlotta.pl\/eng\/wp-json\/wp\/v2\/pages\/2039\/revisions"}],"wp:attachment":[{"href":"https:\/\/szarlotta.pl\/eng\/wp-json\/wp\/v2\/media?parent=2039"}],"curies":[{"name":"wp","href":"https:\/\/api.w.org\/{rel}","templated":true}]}}