{"id":3761,"date":"2024-11-21T07:07:19","date_gmt":"2024-11-21T06:07:19","guid":{"rendered":"https:\/\/szarlotta.pl\/?post_type=product&#038;p=3761"},"modified":"2025-09-26T08:51:12","modified_gmt":"2025-09-26T06:51:12","slug":"voucher-do-restauracji-szarlotta","status":"publish","type":"product","link":"https:\/\/szarlotta.pl\/eng\/voucher-do-restauracji-szarlotta\/","title":{"rendered":"Voucher do restauracji Szarlotta"},"content":{"rendered":"<h3>Aby skorzysta\u0107 z vouchera:<\/h3>\n<ol>\n<li>Wybierz kwot\u0119 vouchera<\/li>\n<li>Dodaj do koszyka, u g\u00f3ry wy\u015bwietli si\u0119 przycisk &#8222;zobacz koszyk&#8221; &#8211; kliknij go<\/li>\n<li>Przejd\u017a do zam\u00f3wienia i op\u0142a\u0107<\/li>\n<li>Otrzymasz mail z potwierdzeniem zakupu<\/li>\n<li>Zarezerwuj stolik przed wizyt\u0105 w lokalu<\/li>\n<li>Poka\u017c kelnerowi otrzymanego maila podczas sk\u0142adania zam\u00f3wienia<\/li>\n<li>Zrelaksuj si\u0119, delektuj wyj\u0105tkowymi smakami i ciesz si\u0119 towarzystwem!<\/li>\n<\/ol>\n<p>&nbsp;<\/p>\n<p>Szukasz idealnego prezentu dla bliskiej osoby? Voucher do naszej restauracji to nie tylko wyj\u0105tkowy podarunek, ale tak\u017ce zaproszenie do kulinarnej podr\u00f3\u017cy pe\u0142nej aromat\u00f3w i smak\u00f3w. Nasze menu \u0142\u0105czy klasyk\u0119 z nowoczesno\u015bci\u0105, a starannie wyselekcjonowane sk\u0142adniki gwarantuj\u0105 niezapomniane doznania. Sp\u0119d\u017acie czas w eleganckim wn\u0119trzu, w towarzystwie wy\u015bmienitych da\u0144 i profesjonalnej obs\u0142ugi. Voucher pozwala na dowolny wyb\u00f3r z karty, dzi\u0119ki czemu ka\u017cdy znajdzie co\u015b dla siebie. Podaruj rado\u015b\u0107 smakowania!<\/p>","protected":false},"excerpt":{"rendered":"<p>Spraw komu\u015b przyjemno\u015b\u0107, p\u0142ac\u0105c przy okazji mniej, a odbieraj\u0105c wi\u0119cej.<\/p>\n<p>P\u0142acisz <strong>99<\/strong>, odbierasz <strong>120<\/strong><br \/>\nP\u0142acisz <strong>199<\/strong>, odbierasz <strong>240<\/strong><\/p>","protected":false},"featured_media":3992,"template":"","meta":[],"product_brand":[],"product_cat":[34],"product_tag":[],"class_list":{"0":"post-3761","1":"product","2":"type-product","3":"status-publish","4":"has-post-thumbnail","6":"product_cat-uncategorized","8":"first","9":"instock","10":"shipping-taxable","11":"purchasable","12":"product-type-variable"},"_links":{"self":[{"href":"https:\/\/szarlotta.pl\/eng\/wp-json\/wp\/v2\/product\/3761","targetHints":{"allow":["GET"]}}],"collection":[{"href":"https:\/\/szarlotta.pl\/eng\/wp-json\/wp\/v2\/product"}],"about":[{"href":"https:\/\/szarlotta.pl\/eng\/wp-json\/wp\/v2\/types\/product"}],"wp:featuredmedia":[{"embeddable":true,"href":"https:\/\/szarlotta.pl\/eng\/wp-json\/wp\/v2\/media\/3992"}],"wp:attachment":[{"href":"https:\/\/szarlotta.pl\/eng\/wp-json\/wp\/v2\/media?parent=3761"}],"wp:term":[{"taxonomy":"product_brand","embeddable":true,"href":"https:\/\/szarlotta.pl\/eng\/wp-json\/wp\/v2\/product_brand?post=3761"},{"taxonomy":"product_cat","embeddable":true,"href":"https:\/\/szarlotta.pl\/eng\/wp-json\/wp\/v2\/product_cat?post=3761"},{"taxonomy":"product_tag","embeddable":true,"href":"https:\/\/szarlotta.pl\/eng\/wp-json\/wp\/v2\/product_tag?post=3761"}],"curies":[{"name":"wp","href":"https:\/\/api.w.org\/{rel}","templated":true}]}}